= -2*z - 2. Let k be v(-2). What is i(k)?
-10
Let t be 26/(-5) + 2*(-8)/(-80). Let k(u) = -u**3 - 7*u**2 - 5*u - 1. Calculate k(t).
-26
Let x(u) = -u**2 + 5*u - 5. Suppose 6*q - q - 30 = 0. Let a = 4 - q. Let m be a/(-8)*40/2. What is x(m)?
-5
Let w(d) be the second derivative of -d**3/3 + 7*d**2 + 2*d + 546. What is w(5)?
4
Let g = 34 - 51. Let b be 12/(-2) - (g + 15). Let d(p) = p**2 + p**2 - 4*p - 5*p**2 + 2*p**2. Calculate d(b).
0
Let b be (-1)/(-5) - (-14)/(-70). Suppose -c + b = -3, -5*g + 39 = -2*c. Let o(v) = 7*v - 27 + v**2 + 7 + g. Calculate o(-8).
-3
Let w(a) = 2*a**3 - 2*a**2 - 1. Let d be w(2). Let s(z) be the second derivative of z**3/6 - 7*z**2 + z + 15. Give s(d).
-7
Let r(v) = -9*v + 408. Let j be r(45). Let s(w) be the second derivative of -6*w - 1/4*w**4 + 0 + 1/20*w**5 - 5/6*w**j - w**2. What is s(4)?
-6
Suppose -6*a + 126 = 12*a. Let h(y) be the first derivative of -4 - 1/3*y**3 - 2*y**2 - a*y. Calculate h(-5).
-12
Let z(i) = -i**2 + 7*i - 2. Suppose 0*q - 3*o = -q + 10, 2*q - 3*o = 8. Let h(x) = x**2 - 2*x - 2. Let k be h(q). Give z(k).
4
Let q(m) = -m**2 - 5*m + 21. Let b(y) = -2*y**2 + 3*y - 1. Let z(f) = -b(f) + q(f). Calculate z(4).
6
Let b(k) = 2*k - 7. Let v(l) = 4*l - 24. Let u be v(8). Calculate b(u).
9
Let d(l) = l**2 + 9*l. Let w be ((-4)/6)/(2/30). Let r be d(w). Let q(z) = 2*z + r*z - 11*z + z**2 + 3. What is q(-3)?
9
Let i(s) = 8*s - 15. Let q(r) = -6*r + 17. Let u(y) = 2*i(y) + 3*q(y). Give u(17).
-13
Let k = -14 + 22. Let s(h) = 4*h + k*h**2 - 3*h - 11*h**2 + 2*h. Let y(n) = n**3 + 14*n**2 - 14*n + 18. Let c be y(-15). What is s(c)?
-18
Let g be 8 - -1 - (4/(-2))/(-1). Let a(z) = 3*z**2 - 3*z + 2. Let c be a(2). Let o = g - c. Let i(f) = f**2 - f. Determine i(o).
2
Let i(z) = z. Let a(y) = -7*y - 3 + 6*y**2 + 3*y**2 - 10*y**2. Let v = 9 + -13. Let g(x) = v*i(x) - a(x). What is g(-4)?
7
Suppose -2*b + 9 = b. Let p(s) = -2 + 274*s - 275*s + 0. Let x(l) = 2*l + 5. Let i(o) = -9*p(o) - 4*x(o). What is i(b)?
1
Suppose -3*u = 9*u - 0*u. Let k(d) be the second derivative of d**4/12 + d**2/2 + d. Determine k(u).
1
Let q(r) = r**3 + 3*r**2 + 2*r - 3. Suppose 0 = -0*p - 2*p + 200. Suppose 3*d - d = 5*a + p, -5*d = 3*a + 60. Let h = a - -17. What is q(h)?
-9
Let w(o) = -70 + 36 + 36 + o**3 + 4*o + 2*o**2 + 3*o**2. Calculate w(-3).
8
Let p(v) = -15*v**2 + 1. Suppose 1 = 3*g + 2*f, 0 = -2*g - 2*g - 2*f. What is p(g)?
-14
Let x be ((-5)/5)/(2/(-4)). Let q(g) be the third derivative of 2*g**2 - 1/3*g**3 + 0*g**4 + 0 + 1/30*g**5 + 0*g. What is q(x)?
6
Suppose 4*w + 16 = 4*z, -2*w - 5 = 4*z + 3. Let p(l) = -2*l. Give p(z).
0
Let o be 1*(-3)/(6/(-10)). Let j(c) be the first derivative of -c**4/4 + 2*c**3 - 3*c**2 + 5*c + 118. Calculate j(o).
0
Let d(g) = 105 - 108 - g**2 + 2*g**2. Let r(b) = b - 15. Let m be r(15). Suppose -2*x = -5*n + n - 20, m = 4*x - 2*n - 10. What is d(x)?
-3
Let t(d) = d - 3. Let b(g) = 12*g - 13. Let v(m) = b(m) - 6*t(m). What is v(-5)?
-25
Let s = -81 - -89. Let x(j) = -s + 1 + 4 - j + 3*j**2 - 2*j**2. What is x(3)?
3
Let l(a) = -a**3 - 7*a**2 - 9*a - 4. Let v = 22 + -47. Let j be 4 + v - (-1 + 2). Let u = -28 - j. Determine l(u).
14
Let c be (9/(-2))/(6/(-12)). Suppose -c + 5 = v. Let h(o) = 2*o - 2 + 0*o - 2 + 0. Determine h(v).
-12
Suppose -2*s - 104 = 2*s. Let v = -24 - s. Let y(b) = b + 14. Let c(m) = -5. Let l(z) = 11*c(z) + 4*y(z). What is l(v)?
9
Let r(h) = -h**2 - 1. Let p(u) = u**3 + 3*u**2 + 6*u. Let z(y) = -p(y) + 3*r(y). Give z(-5).
2
Suppose -8*r = -11*r. Let q(t) = r - 2*t + 1 + 5*t - 2. Give q(-1).
-4
Suppose -65*j = -162 - 163. Let u(q) = q**3 - 5*q**2 - q + 3. Calculate u(j).
-2
Let q(f) = -8*f**2 - f**3 - 8*f + 40*f - 24*f - 17. Determine q(-9).
-8
Let k(a) = -a**2 + 6*a**2 - 2 - 2*a**2 + a**3 - 3*a. Let j = 68 - 32. Suppose -p - 8*p - j = 0. Calculate k(p).
-6
Let h(v) = v - 10. Let n(c) = -c**3 - 9*c**2 - c - 3. Let o be 6/(-21) + 6/21. Let w = o + -9. Let z be n(w). Give h(z).
-4
Let b(v) = v**2 - 4*v + 6. Let l(m) = -m**3 - 8*m**2 - m - 4. Suppose 3*s + 24 = a - 0*a, 0 = 3*a. Let x be l(s). What is b(x)?
6
Let o(j) = -4*j**2 - j - 23. Let i(x) = 7*x**2 + x + 43. Let v(z) = 5*i(z) + 9*o(z). Determine v(3).
-13
Let v(b) = b + 7. Let j = -30 - -33. Let g be 2/(-4) + j/6. Calculate v(g).
7
Let j(w) = 5*w + 7. Let i(z) = -9 - 4*z - 2*z + 1. Let l(n) = 4*i(n) + 5*j(n). Calculate l(0).
3
Let n = 52 - 50. Let g(m) = -m**2 + 2*m - 1. Give g(n).
-1
Suppose a + 2*a + 179 = 5*g, -121 = -4*g - 5*a. Suppose -g*l = -31*l + 15. Let n(k) = k**3 + 5*k**2 - 5. Give n(l).
-5
Let o(f) = -f**3 - 6*f**2 + 8*f + 3. Let u be (-1 - (10 - 2)) + 1 + 1. Let r be o(u). Let v(i) = i**2 + 5*i - 3. Give v(r).
-7
Let z(l) be the third derivative of -l**5/60 - 7*l**4/24 + 17*l**3/6 - 95*l**2 + 2. What is z(-9)?
-1
Suppose -38 = -5*s - 0*c + c, 50 = 5*s - 5*c. Let p(n) = -31*n - 2. Let q(k) = 70*k + 5. Let l(j) = 9*p(j) + 4*q(j). Determine l(s).
9
Suppose 0 = v, -2*m - 2*v - 60 = -v. Let h(g) = -g**2 - 29*g + 33. Give h(m).
3
Let d(g) be the first derivative of 5 - 1/120*g**5 + 0*g + 1/4*g**4 - 2*g**3 + 0*g**2. Let x(a) be the third derivative of d(a). Calculate x(4).
2
Suppose 3 = -2*h + 3*v, -h + 2*v - 9 = -2*h. Let r(z) = -5 + 4 + 8*z - z - h*z. What is r(-3)?
-13
Let y(i) = -6 - 4 - i**2 - 203*i + 189*i. Let u be y(-13). Let l(c) = c**3 - 4*c**2 + 4*c - 4. Calculate l(u).
-1
Let v = 31 + -30. Let r be (v + 3/(-2))*-8. Let p be 9/(-6)*r/(-6). Let z(t) = -t**3 + t. Give z(p).
0
Suppose -z = l + 5, -12 = -z + 5*z - 4*l. Let k(w) be the first derivative of -12 - w - 1/2*w**2. Give k(z).
3
Let a(d) = 2*d**2 + 4*d - 3. Let u be a(2). Let r = -30 + 42. Let i = r - u. Let o(x) = 5*x**2. Give o(i).
5
Let d(f) = f - 5. Let t be d(-8). Let s = t + 18. Let h(m) = 11 + 5 - 5 - m. What is h(s)?
6
Let q = 2 + -7. Let t(h) be the second derivative of h**5/20 + h**4/2 - 5*h**3/6 - h**2 + 3*h. Let c(s) = s**2 + 1. Let g(b) = 2*c(b) - t(b). What is g(q)?
4
Let v(o) = -5*o**2 - 6*o - 6. Let q be 7*1 - (12 - 10). Let f(p) = -p**2 + 7 + 2*p**2 + q*p**2 + 33*p - 27*p. Let a(y) = 4*f(y) + 5*v(y). Calculate a(-5).
3
Let y(b) = 3*b**2 + 4*b - 1. Let p(f) be the second derivative of 7*f**4/12 + 3*f**3/2 - f**2 - 17*f. Let q(l) = -4*p(l) + 9*y(l). Calculate q(-3).
-10
Let y = 1 - -2. Let u(r) = r**3 + r**2 - r + 4. Let a(l) = 5*l**3 + 3*l**2 - 4*l + 18. Let t(m) = -2*a(m) + 9*u(m). Determine t(y).
-3
Let m(c) = 4*c**2 - c. Let p = 1 + -4. Let w be 2 - (p + -1 - -2). Suppose -5 + w = r. Determine m(r).
5
Let a(m) be the first derivative of 0*m**2 + 3*m - 1/4*m**4 + 6 - 2*m**3. Let t(n) = -9*n**2 + 15*n. Let u be t(2). What is a(u)?
3
Let q(l) = -3*l**2 - 2*l. Suppose 2*m + 2 = -3*f + 13, -4*m + f + 1 = 0. Suppose -y - a = -1, 4*a = -2*y - a - m. What is q(y)?
-16
Let f(j) = j**2 - 7*j + 12. Let k(w) = -2*w**2 + 22*w - 36. Let b(r) = 8*f(r) + 3*k(r). Let h be b(-6). Let l(q) = -q - 8. What is l(h)?
-8
Let q(r) = r**2 + 9*r + 20. Let k = -111 + 104. Determine q(k).
6
Let c = 85 + -81. Suppose c*r - 11 = 1. Let g(s) = s**2 + 2*s - 2. Give g(r).
13
Let u be ((-4)/(-5))/((-2)/(-5)). Suppose u*b - 6 = a, -4*a + b + b = -6. Suppose z - a = -0*z. Let f(y) = y**2 - 2*y + 2. Calculate f(z).
10
Let w(f) be the third derivative of -f**4/8 - f**3/2 + f**2. Let j be 4*4/72 - (-52)/9. Suppose 24 = -2*n - j*n. Determine w(n).
6
Let h(r) = -3*r**3 + 7*r**2 - 7*r + 8. Let z(a) = -13*a**3 + 27*a**2 - 27*a + 32. Let p(w) = -9*h(w) + 2*z(w). Determine p(8).
0
Suppose 3*s - 6 = -0*s. Suppose 10 = s*h - 3*x + x, -10 = -2*h - 2*x. Let b(d) = -2*d + 7 + 96*d**3 - 4*d - 97*d**3 - 5 + 6*d**2. What is b(h)?
-3
Let f(g) = -27*g + 6. Let v(r) = 23*r - 5. Let s(u) = -3*f(u) - 4*v(u). What is s(2)?
-20
Let n(q) = -2*q**2 + 19*q - 12. Let v(t) = -t**3 + 16*t**2 - 56*t - 32. Let x be v(10). Determine n(x).
12
Suppose -3 - 3 = 2*j. Suppose p + 4*o = -6, -2*p = -p - o - 4. Let f(t) = 4 - 1 - t**p - t**3 + 3*t + 2*t. Give f(j).
6
Let n(i) be the third derivative of -i**6/40 - i**5/12 - i**4/12 + 2*i**3/3 + 16*i**2 + 11. What is n(-2)?
12
Let p = 118 - 160. Let a = p - -35. Let u(o) = o**2 + 9*o + 5. What is u(a)?
-9
Let a(u) = -u**3 + 2*u**2 - u - 4. Let k(s) = -s**3 + s**2 - s - 3. Let g(f) = 5*a(f) - 6*k(f). Let y = -215 + 212. Calculate g(y).
4
Let x(u) = -431 + 431